10039. List the prime factors of t.
3, 7, 17
Let w(l) = 7*l**2 + 6*l + 15. Suppose -29*o = 5*o - 544. List the prime factors of w(o).
11, 173
Let k be 6/33 - 18/(-22). Suppose -7 = -i - k. Suppose i*p - 2*p = 292. What are the prime factors of p?
73
Let z be 3*-1 - (-2 - 3) - -85. Suppose -2*f + 365 = z. Let v = 275 - f. List the prime factors of v.
2, 17
Let h = 376 + -323. Suppose 4*r = -h*r + 27873. What are the prime factors of r?
3, 163
Let f = -263 - -653. What are the prime factors of f/78 - (-1 + (-465 - 1))?
2, 59
Let k be (-6)/9 - (11/3)/(-1). Let m(g) = 28 - 27 - g - k*g + 3*g**2. List the prime factors of m(-5).
2, 3
Suppose -18 = -11*s + 15. Suppose 4*v = 8*v + 2*y - 2008, s*v - 1511 = y. What are the prime factors of v?
503
Let n(f) = -f**3 - 11*f**2 + 25*f - 11. Let p be n(-13). Suppose 0 = 4*g + c - 216, p*c = 3*c - 4. List the prime factors of g.
53
Suppose -124*h = -232*h + 576396. List the prime factors of h.
3, 593
Let r be (-4)/(-6) - 1/(-3). Let w(n) = -68*n**2 + 3*n - 2. Let p be w(r). Let t = p + 148. What are the prime factors of t?
3
Suppose t + 19 = 3*j - 0*t, 4*t = 4*j - 36. Suppose -5660 = -j*p - 5*i, -3*p = 28*i - 32*i - 3368. What are the prime factors of p?
2, 3, 47
Let l be ((-3)/3)/((-9)/(-18)). List the prime factors of 2735/l*(-4)/5.
2, 547
What are the prime factors of 1 + 4569896/155 - (-8)/10?
5, 5897
Suppose 8*r - 5*j - 2314 = 6*r, 5839 = 5*r + j. Let u = 1745 - r. List the prime factors of u.
2, 17
Suppose -49*y - 60 = -55*y. Suppose 8*u - y*u - 2*l = -10, u + 3*l = -5. List the prime factors of (-5)/(-10)*58*u.
2, 5, 29
Suppose -2*h = 4, 3*c + h + 107 = 4*c. Let t = 183 - c. What are the prime factors of t?
2, 3, 13
Let w(l) be the second derivative of l**4/6 - 28*l**3/3 + 29*l**2/2 + 106*l. What are the prime factors of w(35)?
3, 173
Let p = -107511 - -154961. List the prime factors of p.
2, 5, 13, 73
Let i(j) = -78*j - 456. Let z(s) = -2 + 8 + 27 + 2 + 6*s. Let v(q) = -2*i(q) - 27*z(q). What are the prime factors of v(-17)?
3, 23
Let o = 1462 - 181. Suppose -325 = 4*a - o. What are the prime factors of a?
239
Suppose -734 - 974 = -7*x. What are the prime factors of x?
2, 61
Suppose 3*d - 2091 - 786 = 3*i, 4 = 2*i. Suppose 8*j - d = 295. List the prime factors of j.
157
Suppose 78017 = 53*p - 11182. List the prime factors of p.
3, 11, 17
Let d be ((-13)/(-2))/(40/80). Suppose 11*b = 5*c + d*b - 6849, 4*b = 8. What are the prime factors of c?
37
Suppose 167 = 2*w - 111. Let p = -26 + 31. Let b = w + p. List the prime factors of b.
2, 3
Let b(g) be the second derivative of -29*g**4/24 + g**3/2 + g**2/2 - 4*g. Let f(o) be the first derivative of b(o). What are the prime factors of f(-2)?
61
Let v = -104 - -108. Suppose -5*s = 4*f - 2980, -4*f = -8*s + v*s + 2420. List the prime factors of s.
2, 3, 5
Let y = 5901 + 1074. List the prime factors of y.
3, 5, 31
Suppose 6*r - 23 - 1 = 0. Let s be (r/(-12)*-10)/(4/6). Suppose 10*f - 345 = s*f. What are the prime factors of f?
3, 23
Let y = 157 - 91. Let r = -53 + y. What are the prime factors of r?
13
Let p(v) = -v**3 + 59*v**2 + 25*v + 246. List the prime factors of p(53).
5, 11, 67
Suppose 228 = -60*q + 41*q. Let p(j) = -119*j + 204. What are the prime factors of p(q)?
2, 3, 17
Let i(z) = 31*z**2 + 30*z - 311. What are the prime factors of i(18)?
10273
Let r be 4/(-42) - 675701/(-273). Let u = r + -1101. List the prime factors of u.
2, 3, 229
Let v(s) = -13*s**3 - 22*s**2 - 131*s + 3. List the prime factors of v(-7).
11, 17, 23
Let k(c) = 2*c**2 - 169*c + 69. What are the prime factors of k(-23)?
2, 23, 109
Suppose 4*d + 2*r = 8, 0*d + 2*r + 13 = 3*d. Let q = -6 - -8. List the prime factors of 59/((0 - q) + d).
59
Let c = -12071 + 26191. What are the prime factors of c?
2, 5, 353
Let k = -167 - -175. Let s(u) = 37*u + 91. What are the prime factors of s(k)?
3, 43
Let v(l) = 4*l**2 - 2*l - 2*l**2 + 12*l**2 + 3*l + 1 + 6*l**2. List the prime factors of v(4).
5, 13
Let c = -310 - -312. Suppose f + 2259 = 4*p, -c*f - 2826 = -2*p - 3*p. List the prime factors of p.
2, 3, 47
Let z = -9963 + 14333. List the prime factors of z.
2, 5, 19, 23
Let h be ((-525)/18 - 2/(-12))*-1. Suppose h*a - 30613 = 5376. List the prime factors of a.
17, 73
Suppose -5 = 4*b + 2*f + 17, f = 4*b + 19. Suppose -41*s + 36*s - 49 = 4*l, -2*l - 4*s - 26 = 0. Let i = b - l. What are the prime factors of i?
2, 3
Let h(m) = 6*m - 9. Suppose 3*q = -3 + 6. Let d(i) = 13*i**2 + i - 1. Let l be d(q). What are the prime factors of h(l)?
3, 23
Suppose 5*i + 2673 + 3672 = 0. Let t = -581 - i. List the prime factors of t.
2, 43
Let t(m) = m**2 + 4*m - 30. Let d be t(-8). Suppose -43 - 25 = -d*z. What are the prime factors of z?
2, 17
Suppose -5*n = 1508 + 537. Let r = n - -587. List the prime factors of r.
2, 89
What are the prime factors of (-87)/(-3)*((-216)/18 + 1096)?
2, 29, 271
Let t = 109 + -104. Suppose 1095 + 0 = t*q. What are the prime factors of q?
3, 73
Let k = 4063 + -2976. List the prime factors of k.
1087
Let c = -3601 - -10227. List the prime factors of c.
2, 3313
Let r = -14719 + 30944. Suppose 4*l + l + o = -r, -2*o = -5*l - 16240. List the prime factors of l/(-36) + (-4)/24.
2, 3, 5
Suppose 7*u = 71 + 76. Suppose i = -2*f + 2, -3*i + u = -f + 2*f. Let a(r) = r**3 - 6*r**2 - 9*r - 9. What are the prime factors of a(i)?
47
Suppose 64648 = 2*p - 272*j + 270*j, -129298 = -4*p + 5*j. What are the prime factors of p?
2, 3, 5387
Suppose -16 = -6*a + 14*a. Let q be 154/(-35)*(-137 - a). Let z = 835 - q. List the prime factors of z.
241
Let f(r) = 59*r**2 - 202*r - 3482. What are the prime factors of f(-16)?
2, 7, 1061
Suppose 18*x - 40050 - 325357 = 51581. What are the prime factors of x?
2, 3, 11, 13
Let g(s) be the second derivative of -11*s**2 - 3/4*s**4 + 13/6*s**3 + 0 - 1/20*s**5 + 38*s. List the prime factors of g(-12).
2, 127
Let g = 12971 - 7351. What are the prime factors of g?
2, 5, 281
Suppose 0 = 13*f - 14083 + 3813. Suppose -23*l = -21*l - f. List the prime factors of l.
5, 79
Let t = -3779 + 1976. List the prime factors of (-14)/28 + t/(-6).
2, 3, 5
Let i(f) = 76*f**2 - 7*f - 6. Suppose 3*r = -5*r - 24. List the prime factors of i(r).
3, 233
Suppose 0 = 19*p - 115 - 37. Suppose p*k - 10111 = -1663. List the prime factors of k.
2, 3, 11
Let s(o) = 7*o**2 - 3*o + 4. Let w be s(1). Suppose w*p - 656 = 880. What are the prime factors of p?
2, 3
Suppose -65*l - 76568 - 57304 = -69*l. List the prime factors of l.
2, 3, 2789
Suppose 3*v - 24 = -12. Suppose -5*b - 19 = -v. List the prime factors of (3/(-4))/(5/720*b).
2, 3
Suppose -535*z - 1218 = -538*z. Let y = 368 + z. What are the prime factors of y?
2, 3, 43
Let f = -60 - -165. Suppose h - 282 = 3*x, -x - f = h - 383. Let l = -135 + h. What are the prime factors of l?
2, 3
Let y(g) = -14*g + 83. Let t be y(8). Let z = t + 373. What are the prime factors of z?
2, 43
Suppose -3*a - 30 = -2*g + 2*a, 3*g - 36 = 3*a. Suppose -2658 = -g*l + 1572. What are the prime factors of l?
3, 47
Let c = -13344 + 22487. What are the prime factors of c?
41, 223
Let r(l) = -66*l**2 + 2*l. Let u be r(-1). Let h = u - -169. What are the prime factors of h?
101
Let z(s) = 4*s**3 + 136*s**2 + 55*s + 115. List the prime factors of z(-31).
2, 3, 1657
Suppose 0 = -2*p - 3*k + 267, -2*k = -0*k + 2. Suppose -3*j - n + 853 = 0, -p = -4*j + 3*n + 998. What are the prime factors of j?
2, 71
Let w(v) be the first derivative of -v**4/4 - 3*v**2/2 + 9*v - 1. Let x = -794 + 790. List the prime factors of w(x).
5, 17
Let c = 32 + -4. Suppose 0 = -4*r - 4*t + 48 + c, 2*r - 34 = -t. List the prime factors of r.
3, 5
Let s = 266 - 134. List the prime factors of (s/18)/(5/90).
2, 3, 11
Suppose -205 = 6*x - 61. What are the prime factors of (4312/x)/(-7)*3?
7, 11
Let a be ((-224)/(-104))/(14/91). Let z(x) = 23*x + 270. List the prime factors of z(a).
2, 37
Let z(k) = -12*k**2 - k + 24. Let v be (112/42)/(6/(-9)). Let l(p) = -36*p**2 - 3*p + 71. Let u(r) = v*l(r) + 11*z(r). List the prime factors of u(5).
3, 5, 19
Suppose -5*l - 35 = 0, -5*b + 28033 = -5*l - 13197. List the prime factors of b.
7, 11, 107
Let g = -387 + 387. Suppose -w + x + 742 = g, 2*w + 3*x - 1141 - 338 = 0. List the prime factors of w.
3, 13, 19
Let k(j) = 84*j**2 - 180*j - 1277. List the prime facto